{"id":1554,"date":"2017-05-30T21:09:00","date_gmt":"2017-05-30T19:09:00","guid":{"rendered":"http:\/\/www.svdeckenpfronn.de\/?page_id=1554"},"modified":"2024-07-23T18:02:43","modified_gmt":"2024-07-23T16:02:43","slug":"archiv","status":"publish","type":"page","link":"https:\/\/www.svdeckenpfronn.de\/?page_id=1554","title":{"rendered":"Archiv"},"content":{"rendered":"<div class=\"cust-archive\">\n<div class=\"cust-archive-categories\">\n<p>Hier finden Sie unsere Mannschaften mit Berichten und Ergebnissen der vergangenen Jahre<\/p>\n<p>Viel Spa\u00df beim st\u00f6bern !<\/p>\n<p><a href=\"https:\/\/www.svdeckenpfronn.de\/wp-content\/uploads\/2022\/06\/sportliche-Erfolge-Fussball.pdf\" target=\"_blank\" rel=\"noopener noreferrer\">Sportliche Erfolge der Fussballmannschaften des SV Deckenpfronn<\/a><\/p>\n<p><a href=\"https:\/\/www.svdeckenpfronn.de\/?page_id=5013\" target=\"_blank\" rel=\"noopener\">Zum R\u00fcckblick der Saison 2023\/2024<\/a><\/p>\n<p><a href=\"https:\/\/www.svdeckenpfronn.de\/?page_id=4741\" target=\"_blank\" rel=\"noopener\">Zum R\u00fcckblick der Saison 2022\/2023<\/a><\/p>\n<p><a href=\"https:\/\/www.svdeckenpfronn.de\/?page_id=4362\" target=\"_blank\" rel=\"noopener noreferrer\">Zum R\u00fcckblick der Saison 2021\/2022<\/a><\/p>\n<p><a href=\"https:\/\/www.svdeckenpfronn.de\/?page_id=3974\" target=\"_blank\" rel=\"noopener noreferrer\">Zum R\u00fcckblick der Saison 2020\/2021\u00a0 ( Spielbetrieb wegen Corona abgebrochen )<\/a><\/p>\n<p><a href=\"https:\/\/www.svdeckenpfronn.de\/?page_id=3726\" target=\"_blank\" rel=\"noopener noreferrer\">Zum R\u00fcckblick der Saison 2019\/2020\u00a0\u00a0 ( Spielbetrieb wegen Corona abgebrochen )<\/a><\/p>\n<p><a href=\"https:\/\/www.svdeckenpfronn.de\/?page_id=3240\">Zum R\u00fcckblick der Saison 2018\/2019<\/a><\/p>\n<p><a href=\"https:\/\/www.svdeckenpfronn.de\/?page_id=2541\">Zum R\u00fcckblick der Saison 2017\/2018<\/a><\/p>\n<p><a href=\"https:\/\/www.svdeckenpfronn.de\/?page_id=2559\">Zum R\u00fcckblick der Saison 2016\/2017<\/a><\/p>\n<\/div>\n<\/div>\n\n","protected":false},"excerpt":{"rendered":"<p>Hier finden Sie unsere Mannschaften mit Berichten und Ergebnissen der vergangenen Jahre Viel Spa\u00df beim st\u00f6bern ! Sportliche Erfolge der Fussballmannschaften des SV Deckenpfronn Zum R\u00fcckblick der Saison 2023\/2024 Zum R\u00fcckblick der Saison 2022\/2023 Zum R\u00fcckblick der Saison 2021\/2022 Zum R\u00fcckblick der Saison 2020\/2021\u00a0 ( Spielbetrieb wegen Corona abgebrochen ) Zum R\u00fcckblick der Saison 2019\/2020\u00a0\u00a0 &#8230; <a title=\"Archiv\" class=\"read-more\" href=\"https:\/\/www.svdeckenpfronn.de\/?page_id=1554\" aria-label=\"Mehr Informationen \u00fcber Archiv\">Weiterlesen<\/a><\/p>\n","protected":false},"author":1,"featured_media":0,"parent":0,"menu_order":0,"comment_status":"closed","ping_status":"closed","template":"","meta":{"footnotes":""},"class_list":["post-1554","page","type-page","status-publish"],"publishpress_future_action":{"enabled":false,"date":"2026-04-23 16:05:02","action":"change-status","newStatus":"draft","terms":[],"taxonomy":"","extraData":[]},"publishpress_future_workflow_manual_trigger":{"enabledWorkflows":[]},"_links":{"self":[{"href":"https:\/\/www.svdeckenpfronn.de\/index.php?rest_route=\/wp\/v2\/pages\/1554","targetHints":{"allow":["GET"]}}],"collection":[{"href":"https:\/\/www.svdeckenpfronn.de\/index.php?rest_route=\/wp\/v2\/pages"}],"about":[{"href":"https:\/\/www.svdeckenpfronn.de\/index.php?rest_route=\/wp\/v2\/types\/page"}],"author":[{"embeddable":true,"href":"https:\/\/www.svdeckenpfronn.de\/index.php?rest_route=\/wp\/v2\/users\/1"}],"replies":[{"embeddable":true,"href":"https:\/\/www.svdeckenpfronn.de\/index.php?rest_route=%2Fwp%2Fv2%2Fcomments&post=1554"}],"version-history":[{"count":56,"href":"https:\/\/www.svdeckenpfronn.de\/index.php?rest_route=\/wp\/v2\/pages\/1554\/revisions"}],"predecessor-version":[{"id":5016,"href":"https:\/\/www.svdeckenpfronn.de\/index.php?rest_route=\/wp\/v2\/pages\/1554\/revisions\/5016"}],"wp:attachment":[{"href":"https:\/\/www.svdeckenpfronn.de\/index.php?rest_route=%2Fwp%2Fv2%2Fmedia&parent=1554"}],"curies":[{"name":"wp","href":"https:\/\/api.w.org\/{rel}","templated":true}]}}