{"id":169,"date":"2016-06-28T23:04:06","date_gmt":"2016-06-28T21:04:06","guid":{"rendered":"http:\/\/proto.svdeckenpfronn.de\/?page_id=169"},"modified":"2025-08-15T21:12:27","modified_gmt":"2025-08-15T19:12:27","slug":"ah-mannschaft","status":"publish","type":"page","link":"https:\/\/www.svdeckenpfronn.de\/?page_id=169","title":{"rendered":"AH-Mannschaft"},"content":{"rendered":"<p><strong>AH-Leiter:<\/strong><br \/>\nHeiko B\u00fchler, Steffen Riesinger, Andreas Bahlinger<\/p>\n<p><strong>Trainingszeit:<\/strong><br \/>\nMittwoch ab 20:00 Uhr auf dem H&amp;B Sportgel\u00e4nde in Deckenpfronn<\/p>\n<p><strong>Trainingszeit Winter:<\/strong><br \/>\nOktober- M\u00e4rz, Dienstag 20:00Uhr Halle Deckenpfronn<\/p>\n<h3><strong>Wir freuen uns immer gerne \u00fcber neue Spieler und Fu\u00dfballbegeisterte \u00dc30!<\/strong><\/h3>\n","protected":false},"excerpt":{"rendered":"<p>AH-Leiter: Heiko B\u00fchler, Steffen Riesinger, Andreas Bahlinger Trainingszeit: Mittwoch ab 20:00 Uhr auf dem H&amp;B Sportgel\u00e4nde in Deckenpfronn Trainingszeit Winter: Oktober- M\u00e4rz, Dienstag 20:00Uhr Halle Deckenpfronn Wir freuen uns immer gerne \u00fcber neue Spieler und Fu\u00dfballbegeisterte \u00dc30!<\/p>\n","protected":false},"author":1,"featured_media":5198,"parent":0,"menu_order":0,"comment_status":"closed","ping_status":"closed","template":"","meta":{"footnotes":""},"class_list":["post-169","page","type-page","status-publish","has-post-thumbnail"],"publishpress_future_action":{"enabled":false,"date":"2026-05-19 13:47:39","action":"change-status","newStatus":"draft","terms":[],"taxonomy":"","extraData":[]},"publishpress_future_workflow_manual_trigger":{"enabledWorkflows":[]},"_links":{"self":[{"href":"https:\/\/www.svdeckenpfronn.de\/index.php?rest_route=\/wp\/v2\/pages\/169","targetHints":{"allow":["GET"]}}],"collection":[{"href":"https:\/\/www.svdeckenpfronn.de\/index.php?rest_route=\/wp\/v2\/pages"}],"about":[{"href":"https:\/\/www.svdeckenpfronn.de\/index.php?rest_route=\/wp\/v2\/types\/page"}],"author":[{"embeddable":true,"href":"https:\/\/www.svdeckenpfronn.de\/index.php?rest_route=\/wp\/v2\/users\/1"}],"replies":[{"embeddable":true,"href":"https:\/\/www.svdeckenpfronn.de\/index.php?rest_route=%2Fwp%2Fv2%2Fcomments&post=169"}],"version-history":[{"count":12,"href":"https:\/\/www.svdeckenpfronn.de\/index.php?rest_route=\/wp\/v2\/pages\/169\/revisions"}],"predecessor-version":[{"id":5458,"href":"https:\/\/www.svdeckenpfronn.de\/index.php?rest_route=\/wp\/v2\/pages\/169\/revisions\/5458"}],"wp:featuredmedia":[{"embeddable":true,"href":"https:\/\/www.svdeckenpfronn.de\/index.php?rest_route=\/wp\/v2\/media\/5198"}],"wp:attachment":[{"href":"https:\/\/www.svdeckenpfronn.de\/index.php?rest_route=%2Fwp%2Fv2%2Fmedia&parent=169"}],"curies":[{"name":"wp","href":"https:\/\/api.w.org\/{rel}","templated":true}]}}