{"id":2327,"date":"2018-05-20T10:44:20","date_gmt":"2018-05-20T08:44:20","guid":{"rendered":"http:\/\/www.svdeckenpfronn.de\/?page_id=2327"},"modified":"2019-03-21T11:52:24","modified_gmt":"2019-03-21T09:52:24","slug":"datenschutz","status":"publish","type":"page","link":"https:\/\/www.svdeckenpfronn.de\/?page_id=2327","title":{"rendered":"Datenschutz"},"content":{"rendered":"<p align=\"justify\"><span style=\"font-family: Arial, serif;\"><span style=\"font-size: large;\"><b>Datenschutzerkl\u00e4rung<\/b><\/span><\/span><\/p>\n<p align=\"justify\"><span style=\"font-family: Arial, serif;\"><span style=\"font-size: small;\">Wir <\/span><\/span><span style=\"font-family: Arial, serif;\"><span style=\"font-size: small;\">nehmen den Schutz Ihrer pers\u00f6nlichen Daten sehr ernst. Wir behandeln Ihre personenbezogenen Daten vertraulich und entsprechend der gesetzlichen Datenschutzvorschrifte<\/span><\/span><span style=\"font-family: Arial, serif;\"><span style=\"font-size: small;\">n <\/span><\/span><span style=\"font-family: Arial, serif;\"><span style=\"font-size: small;\">sowie dieser Datenschutzerkl\u00e4rung. <\/span><\/span><\/p>\n<p align=\"justify\"><span style=\"font-family: Arial, serif;\"><span style=\"font-size: small;\">Die Nutzung unserer Website ist in der Regel ohne Angabe personenbezogener Daten m\u00f6glich. Soweit <\/span><\/span><span style=\"font-family: Arial, serif;\"><span style=\"font-size: small;\">auf unseren Seiten personenbezogene Daten (beispielsweise Name, Anschrift oder E-Mail-Adressen) <\/span><\/span><span style=\"font-family: Arial, serif;\"><span style=\"font-size: small;\">erhoben werden, erfolgt dies, soweit m\u00f6glich, stets auf freiwilliger Basis. Diese Daten werden ohne Ihre <\/span><\/span><span style=\"font-family: Arial, serif;\"><span style=\"font-size: small;\">ausdr\u00fcckliche Zustimmung nicht an Dritte weitergegeben. Wir weisen darauf hin, dass die Daten\u00fcbertragung im Internet (z.B. bei der Kommunikation per E-Mail) Sicherheitsl\u00fccken aufweisen kann. Ein l\u00fcckenloser Schutz der Daten vor dem Zugriff durch Dritte ist nicht m\u00f6glich.<\/span><\/span><\/p>\n<p align=\"justify\"><span style=\"font-family: Arial, serif;\"><span style=\"font-size: large;\"><b>Server-Log-Files<\/b><\/span><\/span><\/p>\n<p align=\"justify\"><span style=\"font-family: Arial, serif;\"><span style=\"font-size: small;\">Der Provider der Seiten erhebt und speichert automatisch Informationen in so genannten Server-Log <\/span><\/span><span style=\"font-family: Arial, serif;\"><span style=\"font-size: small;\">Files, die Ihr Browser automatisch an uns \u00fcbermittelt. Dies sind: <\/span><\/span><span style=\"font-family: Arial, serif;\"><span style=\"font-size: small;\">Browsertyp und Browserversion verwendetes Betriebssystem<\/span><\/span><\/p>\n<p align=\"justify\"><span style=\"font-family: Arial, serif;\"><span style=\"font-size: small;\">&#8211; Referrer URL<\/span><\/span><\/p>\n<p align=\"justify\"><span style=\"font-family: Arial, serif;\"><span style=\"font-size: small;\">&#8211; Hostname des zugreifenden Rechners<\/span><\/span><\/p>\n<p align=\"justify\"><span style=\"font-family: Arial, serif;\"><span style=\"font-size: small;\">&#8211; Uhrzeit der Serveranfrage<\/span><\/span><\/p>\n<p align=\"justify\"><span style=\"font-family: Arial, serif;\"><span style=\"font-size: small;\">Diese Daten sind nicht bestimmten Personen zuordenbar. Eine Zusammenf\u00fchrung dieser Daten mit <\/span><\/span><span style=\"font-family: Arial, serif;\"><span style=\"font-size: small;\">anderen Datenquellen wird nicht vorgenommen. Wir behalten uns vor, diese Daten nachtr\u00e4glich zu <\/span><\/span><span style=\"font-family: Arial, serif;\"><span style=\"font-size: small;\">pr\u00fcfen, wenn uns konkrete Anhaltspunkte f\u00fcr eine rechtswidrige Nutzung bekannt werden.<\/span><\/span><\/p>\n<p align=\"justify\"><span style=\"font-family: Arial, serif;\"><span style=\"font-size: large;\"><b>SSL-Verschl\u00fcsselung<\/b><\/span><\/span><\/p>\n<p align=\"justify\"><span style=\"font-family: Arial, serif;\"><span style=\"font-size: small;\">Diese Seite nutzt aus Gr\u00fcnden der Sicherheit und zum Schutz der \u00dcbertragung vertraulicher Inhalte, wie zum Beispiel der Anfragen, die Sie an uns als Seitenbetreiber senden, eine SSL-Verschl\u00fcsselung. Eine verschl\u00fcsselte Verbindung erkennen Sie daran, dass die Adresszeile des Browsers von &#8222;http:\/\/&#8220; auf &#8222;https:\/\/&#8220; wechselt und an dem Schloss-Symbol in Ihrer Browserzeile. Wenn die SSL Verschl\u00fcsselung aktiviert ist, k\u00f6nnen die Daten, die Sie an uns \u00fcbermitteln, nicht von Dritten mitgelesen werden.<\/span><\/span><\/p>\n<p align=\"justify\"><span style=\"font-family: Arial, serif;\"><span style=\"font-size: large;\"><b>Recht auf Auskunft, L\u00f6schung, Sperrung<\/b><\/span><\/span><\/p>\n<p align=\"justify\"><span style=\"font-family: Arial, serif;\"><span style=\"font-size: small;\">Sie haben jederzeit das Recht auf unentgeltliche Auskunft \u00fcber Ihre gespeicherten personenbezogenen <\/span><\/span><span style=\"font-family: Arial, serif;\"><span style=\"font-size: small;\">Daten, deren Herkunft und Empf\u00e4nger und den Zweck der Datenverarbeitung sowie ein Recht auf <\/span><\/span><span style=\"font-family: Arial, serif;\"><span style=\"font-size: small;\">Berichtigung, Sperrung oder L\u00f6schung dieser Daten. Hierzu sowie zu weiteren Fragen zum Thema <\/span><\/span><span style=\"font-family: Arial, serif;\"><span style=\"font-size: small;\">personenbezogene Daten k\u00f6nnen Sie sich jederzeit <\/span><\/span><span style=\"font-family: Arial, serif;\"><span style=\"font-size: small;\">an Herrn Oliver Schneider (siehe Ansprechpartner) oder unter <a>datenschutz@svdeckenpfronn.de<\/a> wenden.<\/span><\/span><\/p>\n<p align=\"justify\"><strong>Downloads<\/strong><\/p>\n<p align=\"justify\"><a href=\"https:\/\/www.svdeckenpfronn.de\/wp-content\/uploads\/2019\/03\/Datenschutzerkl\u00e4rung.pdf\" target=\"_blank\" rel=\"noopener\">Datenschutzerkl\u00e4rung f\u00fcr Mitglieder<\/a><\/p>\n<p align=\"justify\">\n","protected":false},"excerpt":{"rendered":"<p>Datenschutzerkl\u00e4rung Wir nehmen den Schutz Ihrer pers\u00f6nlichen Daten sehr ernst. Wir behandeln Ihre personenbezogenen Daten vertraulich und entsprechend der gesetzlichen Datenschutzvorschriften sowie dieser Datenschutzerkl\u00e4rung. Die Nutzung unserer Website ist in der Regel ohne Angabe personenbezogener Daten m\u00f6glich. Soweit auf unseren Seiten personenbezogene Daten (beispielsweise Name, Anschrift oder E-Mail-Adressen) erhoben werden, erfolgt dies, soweit m\u00f6glich, stets &#8230; <a title=\"Datenschutz\" class=\"read-more\" href=\"https:\/\/www.svdeckenpfronn.de\/?page_id=2327\" aria-label=\"Mehr Informationen \u00fcber Datenschutz\">Weiterlesen<\/a><\/p>\n","protected":false},"author":3,"featured_media":0,"parent":0,"menu_order":0,"comment_status":"closed","ping_status":"closed","template":"","meta":{"footnotes":""},"class_list":["post-2327","page","type-page","status-publish"],"publishpress_future_action":{"enabled":false,"date":"2026-04-23 14:41:02","action":"change-status","newStatus":"draft","terms":[],"taxonomy":"","extraData":[]},"publishpress_future_workflow_manual_trigger":{"enabledWorkflows":[]},"_links":{"self":[{"href":"https:\/\/www.svdeckenpfronn.de\/index.php?rest_route=\/wp\/v2\/pages\/2327","targetHints":{"allow":["GET"]}}],"collection":[{"href":"https:\/\/www.svdeckenpfronn.de\/index.php?rest_route=\/wp\/v2\/pages"}],"about":[{"href":"https:\/\/www.svdeckenpfronn.de\/index.php?rest_route=\/wp\/v2\/types\/page"}],"author":[{"embeddable":true,"href":"https:\/\/www.svdeckenpfronn.de\/index.php?rest_route=\/wp\/v2\/users\/3"}],"replies":[{"embeddable":true,"href":"https:\/\/www.svdeckenpfronn.de\/index.php?rest_route=%2Fwp%2Fv2%2Fcomments&post=2327"}],"version-history":[{"count":14,"href":"https:\/\/www.svdeckenpfronn.de\/index.php?rest_route=\/wp\/v2\/pages\/2327\/revisions"}],"predecessor-version":[{"id":2976,"href":"https:\/\/www.svdeckenpfronn.de\/index.php?rest_route=\/wp\/v2\/pages\/2327\/revisions\/2976"}],"wp:attachment":[{"href":"https:\/\/www.svdeckenpfronn.de\/index.php?rest_route=%2Fwp%2Fv2%2Fmedia&parent=2327"}],"curies":[{"name":"wp","href":"https:\/\/api.w.org\/{rel}","templated":true}]}}