{"id":42,"date":"2016-06-20T20:51:21","date_gmt":"2016-06-20T20:51:21","guid":{"rendered":"http:\/\/proto.svdeckenpfronn.de\/?page_id=42"},"modified":"2025-06-17T15:04:10","modified_gmt":"2025-06-17T13:04:10","slug":"hb-fussballzentrum","status":"publish","type":"page","link":"https:\/\/www.svdeckenpfronn.de\/?page_id=42","title":{"rendered":"H&#038;B Fu\u00dfballzentrum"},"content":{"rendered":"<p><img loading=\"lazy\" decoding=\"async\" class=\"size-medium wp-image-45 alignright\" src=\"http:\/\/proto.svdeckenpfronn.de\/wp-content\/uploads\/2016\/06\/Hauptsponsor2-300x225.png\" alt=\"Hauptsponsor2\" width=\"300\" height=\"225\" srcset=\"https:\/\/www.svdeckenpfronn.de\/wp-content\/uploads\/2016\/06\/Hauptsponsor2-300x225.png 300w, https:\/\/www.svdeckenpfronn.de\/wp-content\/uploads\/2016\/06\/Hauptsponsor2-400x300.png 400w, https:\/\/www.svdeckenpfronn.de\/wp-content\/uploads\/2016\/06\/Hauptsponsor2.png 465w\" sizes=\"auto, (max-width: 300px) 100vw, 300px\" \/><\/p>\n<p>Renate B\u00f6hm, Bernd Paulus, Uli Schneider, Heiner Kindler,\u00a0Hans B\u00f6hm, Dieter H\u00f6lzle<\/p>\n<p align=\"left\">Die Firma H\u00f6lzle&amp;B\u00f6hm Electronic ist seit Jahren unser Hauptsponsor im SV Deckenpfronn Abt. Fu\u00dfball. Zus\u00e4tzlich ist die Firma H&amp;B freundlicherweise bereit, seit 2007 die Namensrechte der Sportpl\u00e4tze zu einem j\u00e4hrlich stattlichen Preis zu mieten.<\/p>\n<p align=\"center\"><strong>\u201eH&amp;B Fu\u00dfballzentrum\u201c<\/strong><\/p>\n<p align=\"left\">ist die inzwischen bekannte Bezeichnung.<\/p>\n<p align=\"center\"><strong>Wir sind der Firma H&amp;B bzw. den Familien H\u00f6lzle und B\u00f6hm in tiefem Dank verbunden.<\/strong><\/p>\n<p align=\"left\">Diese Unterst\u00fctzung kommt direkt dem Spielbetrieb und der Jugendf\u00f6rderung zu Gute und ist ein vorbildliches Beispiel f\u00fcr das Engagement f\u00fcr den Verein.<\/p>\n<p align=\"left\">\u00a0<\/p>\n<p>Direkter Link zur Firmenwebseite von H&amp;B:<strong><strong>\u00a0<a href=\"http:\/\/www.h-und-b.de\" target=\"_blank\" rel=\"noopener\">H&amp;B electronic<\/a><\/strong><\/strong><\/p>\n<p><strong>Unser H&amp;B Fu\u00dfballzentrum aus der Luft:<\/strong><\/p>\n\n\n<figure class=\"wp-block-image size-large\"><img loading=\"lazy\" decoding=\"async\" width=\"1024\" height=\"576\" src=\"https:\/\/www.svdeckenpfronn.de\/wp-content\/uploads\/2025\/06\/IMG-20240407-WA0003-1024x576.jpg\" alt=\"\" class=\"wp-image-5222\" srcset=\"https:\/\/www.svdeckenpfronn.de\/wp-content\/uploads\/2025\/06\/IMG-20240407-WA0003-1024x576.jpg 1024w, https:\/\/www.svdeckenpfronn.de\/wp-content\/uploads\/2025\/06\/IMG-20240407-WA0003-300x169.jpg 300w, https:\/\/www.svdeckenpfronn.de\/wp-content\/uploads\/2025\/06\/IMG-20240407-WA0003-768x432.jpg 768w, https:\/\/www.svdeckenpfronn.de\/wp-content\/uploads\/2025\/06\/IMG-20240407-WA0003-1536x864.jpg 1536w, https:\/\/www.svdeckenpfronn.de\/wp-content\/uploads\/2025\/06\/IMG-20240407-WA0003.jpg 2000w\" sizes=\"auto, (max-width: 1024px) 100vw, 1024px\" \/><\/figure>\n\n\n\n<p>Links unten ist unser kleiner Trainingsplatz zu erkennen, in der Bildmitte unser Hauptspielfeld, an dem sich in westlicher Richtung das Sportheim anschlie\u00dft.<br \/>Am oberen Rand ist unser gro\u00dfer Trainingsplatz zu erkennen.<\/p>\n","protected":false},"excerpt":{"rendered":"<p>Renate B\u00f6hm, Bernd Paulus, Uli Schneider, Heiner Kindler,\u00a0Hans B\u00f6hm, Dieter H\u00f6lzle Die Firma H\u00f6lzle&amp;B\u00f6hm Electronic ist seit Jahren unser Hauptsponsor im SV Deckenpfronn Abt. Fu\u00dfball. Zus\u00e4tzlich ist die Firma H&amp;B freundlicherweise bereit, seit 2007 die Namensrechte der Sportpl\u00e4tze zu einem j\u00e4hrlich stattlichen Preis zu mieten. \u201eH&amp;B Fu\u00dfballzentrum\u201c ist die inzwischen bekannte Bezeichnung. Wir sind der &#8230; <a title=\"H&#038;B Fu\u00dfballzentrum\" class=\"read-more\" href=\"https:\/\/www.svdeckenpfronn.de\/?page_id=42\" aria-label=\"Mehr Informationen \u00fcber H&#038;B Fu\u00dfballzentrum\">Weiterlesen<\/a><\/p>\n","protected":false},"author":1,"featured_media":0,"parent":0,"menu_order":0,"comment_status":"closed","ping_status":"closed","template":"","meta":{"footnotes":""},"class_list":["post-42","page","type-page","status-publish"],"publishpress_future_action":{"enabled":false,"date":"2026-05-14 04:26:33","action":"change-status","newStatus":"draft","terms":[],"taxonomy":"","extraData":[]},"publishpress_future_workflow_manual_trigger":{"enabledWorkflows":[]},"_links":{"self":[{"href":"https:\/\/www.svdeckenpfronn.de\/index.php?rest_route=\/wp\/v2\/pages\/42","targetHints":{"allow":["GET"]}}],"collection":[{"href":"https:\/\/www.svdeckenpfronn.de\/index.php?rest_route=\/wp\/v2\/pages"}],"about":[{"href":"https:\/\/www.svdeckenpfronn.de\/index.php?rest_route=\/wp\/v2\/types\/page"}],"author":[{"embeddable":true,"href":"https:\/\/www.svdeckenpfronn.de\/index.php?rest_route=\/wp\/v2\/users\/1"}],"replies":[{"embeddable":true,"href":"https:\/\/www.svdeckenpfronn.de\/index.php?rest_route=%2Fwp%2Fv2%2Fcomments&post=42"}],"version-history":[{"count":11,"href":"https:\/\/www.svdeckenpfronn.de\/index.php?rest_route=\/wp\/v2\/pages\/42\/revisions"}],"predecessor-version":[{"id":5225,"href":"https:\/\/www.svdeckenpfronn.de\/index.php?rest_route=\/wp\/v2\/pages\/42\/revisions\/5225"}],"wp:attachment":[{"href":"https:\/\/www.svdeckenpfronn.de\/index.php?rest_route=%2Fwp%2Fv2%2Fmedia&parent=42"}],"curies":[{"name":"wp","href":"https:\/\/api.w.org\/{rel}","templated":true}]}}