{"id":566,"date":"2016-08-30T19:57:02","date_gmt":"2016-08-30T17:57:02","guid":{"rendered":"http:\/\/proto.svdeckenpfronn.de\/?page_id=566"},"modified":"2016-09-20T19:43:10","modified_gmt":"2016-09-20T17:43:10","slug":"mannschaften","status":"publish","type":"page","link":"https:\/\/www.svdeckenpfronn.de\/?page_id=566","title":{"rendered":"Mannschaften"},"content":{"rendered":"<p>Die Herrenmannschaft des SV Deckenpfronn<\/p>\n<p><img loading=\"lazy\" decoding=\"async\" class=\"size-medium wp-image-151 alignleft\" src=\"https:\/\/www.svdeckenpfronn.de\/wp-content\/uploads\/2016\/06\/TT_SVD_2013-web-300x179.jpg\" alt=\"TT_SVD_2013 web\" width=\"300\" height=\"179\" srcset=\"https:\/\/www.svdeckenpfronn.de\/wp-content\/uploads\/2016\/06\/TT_SVD_2013-web-300x179.jpg 300w, https:\/\/www.svdeckenpfronn.de\/wp-content\/uploads\/2016\/06\/TT_SVD_2013-web-400x238.jpg 400w, https:\/\/www.svdeckenpfronn.de\/wp-content\/uploads\/2016\/06\/TT_SVD_2013-web.jpg 448w\" sizes=\"auto, (max-width: 300px) 100vw, 300px\" \/><\/p>\n<p>v.l. Axel Schneider, Peter M\u00fcller, Andrej Posedi, J\u00fcrgen Brattkow, Patrick G\u00e4hr, J\u00fcrgen Schneider, Bruno Frey, Bernd Seidel, Oliver Hack und Ralf Riebe<\/p>\n<p>nicht abgebildet, Daniel Kienzle und Willi Dongus<\/p>\n<div class=\"item-separator\"><\/div>\n","protected":false},"excerpt":{"rendered":"<p>Die Herrenmannschaft des SV Deckenpfronn v.l. Axel Schneider, Peter M\u00fcller, Andrej Posedi, J\u00fcrgen Brattkow, Patrick G\u00e4hr, J\u00fcrgen Schneider, Bruno Frey, Bernd Seidel, Oliver Hack und Ralf Riebe nicht abgebildet, Daniel Kienzle und Willi Dongus<\/p>\n","protected":false},"author":5,"featured_media":0,"parent":0,"menu_order":0,"comment_status":"closed","ping_status":"closed","template":"","meta":{"footnotes":""},"class_list":["post-566","page","type-page","status-publish"],"publishpress_future_action":{"enabled":false,"date":"2026-05-10 14:05:05","action":"change-status","newStatus":"draft","terms":[],"taxonomy":"","extraData":[]},"publishpress_future_workflow_manual_trigger":{"enabledWorkflows":[]},"_links":{"self":[{"href":"https:\/\/www.svdeckenpfronn.de\/index.php?rest_route=\/wp\/v2\/pages\/566","targetHints":{"allow":["GET"]}}],"collection":[{"href":"https:\/\/www.svdeckenpfronn.de\/index.php?rest_route=\/wp\/v2\/pages"}],"about":[{"href":"https:\/\/www.svdeckenpfronn.de\/index.php?rest_route=\/wp\/v2\/types\/page"}],"author":[{"embeddable":true,"href":"https:\/\/www.svdeckenpfronn.de\/index.php?rest_route=\/wp\/v2\/users\/5"}],"replies":[{"embeddable":true,"href":"https:\/\/www.svdeckenpfronn.de\/index.php?rest_route=%2Fwp%2Fv2%2Fcomments&post=566"}],"version-history":[{"count":4,"href":"https:\/\/www.svdeckenpfronn.de\/index.php?rest_route=\/wp\/v2\/pages\/566\/revisions"}],"predecessor-version":[{"id":745,"href":"https:\/\/www.svdeckenpfronn.de\/index.php?rest_route=\/wp\/v2\/pages\/566\/revisions\/745"}],"wp:attachment":[{"href":"https:\/\/www.svdeckenpfronn.de\/index.php?rest_route=%2Fwp%2Fv2%2Fmedia&parent=566"}],"curies":[{"name":"wp","href":"https:\/\/api.w.org\/{rel}","templated":true}]}}

<p>Die Herrenmannschaft des SV Deckenpfronn</p>
<p><img loading="lazy" decoding="async" class="size-medium wp-image-151 alignleft" src="https://www.svdeckenpfronn.de/wp-content/uploads/2016/06/TT_SVD_2013-web-300x179.jpg" alt="TT_SVD_2013 web" width="300" height="179" srcset="https://www.svdeckenpfronn.de/wp-content/uploads/2016/06/TT_SVD_2013-web-300x179.jpg 300w, https://www.svdeckenpfronn.de/wp-content/uploads/2016/06/TT_SVD_2013-web-400x238.jpg 400w, https://www.svdeckenpfronn.de/wp-content/uploads/2016/06/TT_SVD_2013-web.jpg 448w" sizes="auto, (max-width: 300px) 100vw, 300px" /></p>
<p>v.l. Axel Schneider, Peter Müller, Andrej Posedi, Jürgen Brattkow, Patrick Gähr, Jürgen Schneider, Bruno Frey, Bernd Seidel, Oliver Hack und Ralf Riebe</p>
<p>nicht abgebildet, Daniel Kienzle und Willi Dongus</p>
<div class="item-separator"></div>

<p>Die Herrenmannschaft des SV Deckenpfronn v.l. Axel Schneider, Peter Müller, Andrej Posedi, Jürgen Brattkow, Patrick Gähr, Jürgen Schneider, Bruno Frey, Bernd Seidel, Oliver Hack und Ralf Riebe nicht abgebildet, Daniel Kienzle und Willi Dongus</p>
